- 5a06a?
-5a069
In base 7, what is -5 + 43614?
43606
In base 2, what is -101001111110 - 1000011?
-101011000001
In base 2, what is 111110010 - 101101?
111000101
In base 11, what is -313a98 + 0?
-313a98
In base 12, what is -5 - 3865?
-386a
In base 6, what is 4450 - 2230?
2220
In base 15, what is -127d - 6?
-1284
In base 3, what is 12 + 1020122001?
1020122020
In base 16, what is 89 + -4?
85
In base 5, what is 10131 + 20032?
30213
In base 8, what is -476 - -110?
-366
In base 8, what is -65 - -2430?
2343
In base 8, what is -52077 + 5?
-52072
In base 9, what is -753 - -4414?
3551
In base 14, what is 16d + 69?
1d8
In base 15, what is 1947e + 2?
19481
In base 10, what is 15289 - 18?
15271
In base 11, what is 3971 - 5a?
3912
In base 13, what is 21249 + -2?
21247
In base 12, what is -8 + -60b?
-617
In base 14, what is -14da4 - 7?
-14dab
In base 11, what is -16 - 1aa1?
-2007
In base 12, what is a07 - 163?
864
In base 8, what is 11 + 22357?
22370
In base 9, what is -38 - 5606?
-5645
In base 9, what is -62 + 304?
232
In base 9, what is 116255 - 10?
116245
In base 13, what is b0 + c6?
1a6
In base 9, what is -3 + 121768?
121765
In base 11, what is -339 - 6a18?
-7256
In base 12, what is -10 + -146260?
-146270
In base 8, what is -31112 - 7?
-31121
In base 6, what is -1500424 - -2?
-1500422
In base 8, what is 4072 + -273?
3577
In base 16, what is -4db9 - -5?
-4db4
In base 8, what is 110 + -14713?
-14603
In base 8, what is -1545 - -51?
-1474
In base 15, what is -6b7 - -2b?
-68b
In base 10, what is 127 - -51?
178
In base 8, what is -212 - -12323?
12111
In base 7, what is -424 - 150?
-604
In base 3, what is 1010112120 - -12?
1010112202
In base 5, what is 334 + 1202?
2041
In base 14, what is a43d - -30?
a46d
In base 8, what is -277257 + -12?
-277271
In base 9, what is -102202 + -4?
-102206
In base 8, what is 14 - 16621?
-16605
In base 6, what is 2 + 52125?
52131
In base 3, what is 1200120102100 - -2?
1200120102102
In base 4, what is 101332110222 + 11?
101332110233
In base 9, what is 13763 + -5?
13757
In base 15, what is 4 + -108cb?
-108c7
In base 10, what is -18800 + -1?
-18801
In base 6, what is -2301 + 12345?
10044
In base 6, what is -115 + -42514?
-43033
In base 12, what is -3 - 61690?
-61693
In base 12, what is 8b80a + 0?
8b80a
In base 8, what is -213257 - 3?
-213262
In base 2, what is 10 - 11011110011110011?
-11011110011110001
In base 15, what is 1 + 571e?
5720
In base 2, what is -100101000000011 + 1000?
-100100111111011
In base 10, what is 66382 - -2?
66384
In base 3, what is -2 + 120020220?
120020211
In base 11, what is 1066 + 4?
106a
In base 9, what is -50741 + 16?
-50724
In base 11, what is -1 + -1995?
-1996
In base 16, what is 163 + -6f0?
-58d
In base 9, what is -67778 - -1?
-67777
In base 7, what is -3634 + 13?
-3621
In base 16, what is -c + 77ea?
77de
In base 3, what is 12 + -1110111022022?
-1110111022010
In base 15, what is 272 + -a0?
1c2
In base 11, what is 286 - -975?
1150
In base 4, what is -1212101121 + -10?
-1212101131
In base 3, what is 1012110 + -1021010?
-1200
In base 14, what is 4d + -b4?
-65
In base 13, what is -c40 + 329?
-914
In base 7, what is -204 - -1511?
1304
In base 5, what is -3 + -21124303?
-21124311
In base 14, what is 4c0 + 13?
4d3
In base 16, what is 6ad - -b5?
762
In base 12, what is 25 + -756?
-731
In base 7, what is 140061 + -4?
140054
In base 8, what is -1 - -2270?
2267
In base 7, what is 122 + 106635?
110060
In base 4, what is -100021 + 213102?
113021
In base 2, what is -111100 + 11010001111?
11001010011
In base 2, what is -1000010010101100001 - -1?
-1000010010101100000
In base 4, what is -12211332 + 23?
-12211303
In base 14, what is 25 + -1015?
-dd0
In base 3, what is -110020 - 120001?
-1000021
In base 11, what is 5 - 1385?
-1380
In base 4, what is -1000030 + 212?
-333212
In base 16, what is -a + -1d4c6?
-1d4d0
In base 16, what is 324 - ac?
278
In base 7, what is 13315222 + -2?
13315220
In base 14, what is -d + 40076?
40067
In base 8, what is 613 - -111?
724
In base 9, what is 80 + 5850?
6040
In base 14, what is -20925 - 0?
-20925
In base 14, what is 1d - -1aa?
1c9
In base 12, what is -41 - -2b59?
2b18
In base 9, what is 2 + 116006?
116008
In base 11, what is 2 - -14122?
14124
In base 16, what is -70c - 4?
-710
In base 6, what is -52 - -110422?
110330
In base 6, what is -130 - -4150?
4020
In base 14, what is -320 + -29?
-349
In base 5, what is -14 - -40120?
40101
In base 12, what is 5 + 4918?
4921
In base 5, what is 220 + -13300?
-13030
In base 10, what is -981 + 1?
-980
In base 12, what is 50a4 - 5?
509b
In base 3, what is -201 + -12010011?
-12010212
In base 6, what is 3521234 - 3?
3521231
In base 11, what is -36a - 352?
-711
In base 2, what is 0 - 101000100000111?
-101000100000111
In base 16, what is 7 - e1?
-da
In base 2, what is 1000101 + 100100101?
101101010
In base 7, what is -3 + -33351?
-33354
In base 5, what is 4 - 3044011?
-3044002
In base 16, what is a + -1fec?
-1fe2
In base 15, what is d87 - 14a?
c3c
In base 11, what is -66 - -1120?
1065
In base 4, what is -1 + 1013020201?
1013020200
In base 6, what is -534 - -344?
-150
In base 2, what is 1100000111001 + 111?
1100001000000
In base 11, what is -14510a - 20?
-14512a
In base 2, what is -10100111011 - -110000010?
-1110111001
In base 2, what is -10001101 - -1010001?
-111100
In base 9, what is -434088 - 26?
-434125
In base 14, what is -79 - 7?
-82
In base 7, what is 21 - -243206?
243230
In base 7, what is 5 - -50424?
50432
In base 11, what is 5 + -645?
-640
In base 10, what is 184489 + -2?
184487
In base 3, what is -1100 - -11222200?
11221100
In base 10, what is -6196 + 5?
-6191
In base 4, what is 1 - -321301122?
321301123
In base 8, what is -12155 - -114?
-12041
In base 15, what is -12b + -67?
-193
In base 6, what is -5 - 201252?
-201301
In base 7, what is 2016 - -160?
2206
In base 10, what is 14392 - -3?
14395
In base 2, what is -1000000110001110 - 1?
-1000000110001111
In base 2, what is 11101001000 + -110001?
11100010111
In base 12, what is -1 + 40a12a?
40a129
In base 13, what is -1 + -2750?
-2751
In base 4, what is -2 - -233022?
233020
In base 5, what is 1004 + 121003?
122012
In base 12, what is 0 + 36bb?
36bb
In base 12, what is 0 + -922b7?
-922b7
In base 12, what is 378 - -bb?
477
In base 13, what is -59344 + -5?
-59349
In base 6, what is 52541 + -4?
52533
In base 16, what is 17d65 - -3?
17d68
In base 3, what is 2202121202 - -10?
2202121212
In base 8, what is -5 + -5517?
-5524
In base 14, what is -1 - 3dda3?
-3dda4
In base 15, what is -1069b - -6?
-10695
In base 11, what is -157 - 68?
-214
In base 13, what is -1 + 152b19?
152b18
In base 4, what is 2 - -300310211?
300310213
In base 10, what is 5 - -40416?
40421
In base 15, what is -40544e - 3?
-405452
In base 4, what is -103102 + -1332?
-111100
In base 10, what is -125 - -37490?
37365
In base 10, what is 14165 - 3?
14162
In base 3, what is 2211 + -122022?
-112111
In base 15, what is -3 - -1bce4a?
1bce47
In base 3, what is -112202000 - 110?
-112202110
In base 3, what is 1201010210 - 0?
1201010210
In base 2, what is 1010000010101110010110 + -10?
1010000010101110010100
In base 3, what is 1011102221 - 11?
1011102210
In base 15, what is 5692d2 + -5?
5692cc
In base 6, what is -3043554 + 0?
-3043554
In base 10, what is 293374 - 2?
293372
In base 4, what is 33 + -23002211?
-23002112
In base 3, what is -2002200 - -2120?
-2000010
In base 12, what is 20 - -1071?
1091
In base 13, what is -5 + -438c7?
-438cc
In base 9, what is 41 + 1282?
1333
In base 3, what is -10021212 - -121?
-10021021
In base 11, what is 9 + -1a42?
-1a34
In base 16, what is b + 18c9?
18d4
In base 12, what is -31 + -140?
-171
In base 13, what is -4 - 1149cb?
-114a02
In base 12, what is 3 + -221791?
-22178a
In base 2, what is 100 + -10001001101000010011?
-10001001101000001111
In base 2, what is -110 + -110011111110?
-110100000100
In base 11, what is -11059 + 110?
-10a49
In base 2, what is -10100001001011 - -10100101?
-10011110100110
In base 15, what is 358 - 43?
315
In base 3, what is -1 + 1010120112?
1010120111
In base 5, what is 1130330 + 40?
1130420
In base 4, what is 11313200 - -302?
11320102
In base 7, what is 1 + 435135?
435136
In base 5, what is -31 - -23342110?
23342024
In base 13, what is 31 - -1469?
149a
In base 3, what is 1121 + -2211002?
-22